Is 1703688973 a composite number?
True
Is 3420609583 prime?
True
Is 5177334265 a composite number?
True
Is 66767741 composite?
False
Is 9664740529 a prime number?
True
Is 2861211467 composite?
False
Is 187025199 a composite number?
True
Is 363683651 a prime number?
False
Is 117714928409 composite?
True
Is 50404686985 composite?
True
Is 1360817553 composite?
True
Is 42791752699 a composite number?
False
Is 2450382107 a composite number?
False
Is 142885133 a prime number?
False
Is 8587799809 a prime number?
False
Is 92430388147 prime?
False
Is 93705083 composite?
False
Is 80550550291 a composite number?
True
Is 4849155109 composite?
False
Is 4597189853 composite?
True
Is 373166933 composite?
True
Is 644015467 prime?
False
Is 390547309 a composite number?
False
Is 235944563 prime?
True
Is 23756904593 prime?
False
Is 81851378563 prime?
True
Is 836930039 composite?
True
Is 3883297787 prime?
False
Is 989930479 composite?
True
Is 4396239077 a composite number?
True
Is 1184613299 a composite number?
True
Is 1646868043 a composite number?
False
Is 11257663567 composite?
True
Is 1222422717 a composite number?
True
Is 114393157 prime?
False
Is 757076863 composite?
False
Is 2726783999 a composite number?
True
Is 298191979 composite?
False
Is 4034543 a prime number?
True
Is 48718973 a prime number?
False
Is 601288669 a composite number?
True
Is 31519772117 a prime number?
True
Is 2338095253 a prime number?
False
Is 368544769 a prime number?
True
Is 4588603247 a composite number?
True
Is 278255182255 a composite number?
True
Is 718717903 prime?
False
Is 2167246619 a composite number?
False
Is 1751273861 a composite number?
False
Is 8291643317 a composite number?
False
Is 6631939079 a composite number?
False
Is 3090916079 a prime number?
True
Is 1063032557 composite?
False
Is 235010147 composite?
True
Is 25224229039 prime?
False
Is 491157991 prime?
False
Is 2867432809 composite?
True
Is 1594661459 a composite number?
True
Is 230752410067 a composite number?
False
Is 3793029173 composite?
False
Is 152613893 prime?
True
Is 401163491 a prime number?
False
Is 77963539 composite?
False
Is 41063240689 composite?
True
Is 33256761583 composite?
False
Is 6554399191 a prime number?
True
Is 30437433601 prime?
False
Is 4623727 a prime number?
False
Is 606357149 prime?
True
Is 196040839 prime?
True
Is 2597299759 composite?
True
Is 767611871 a composite number?
True
Is 248379821 a prime number?
False
Is 388449797 prime?
True
Is 4401574691 prime?
True
Is 244076896373 prime?
False
Is 299589841 prime?
True
Is 257661359633 composite?
True
Is 1129892369 composite?
True
Is 107623559534 prime?
False
Is 1880745193 a composite number?
False
Is 1768228663 a prime number?
True
Is 2295457391 a composite number?
False
Is 18931818821 composite?
False
Is 10796290451 composite?
False
Is 475789579 prime?
False
Is 15770498191 composite?
True
Is 1417051453 composite?
False
Is 24413591981 prime?
True
Is 17901183147 a prime number?
False
Is 736043761 a composite number?
False
Is 1670620819 a composite number?
True
Is 2834371871 prime?
False
Is 53898871517 a composite number?
False
Is 1061913101 a prime number?
True
Is 77182855 a prime number?
False
Is 1670635019 composite?
False
Is 170221661 prime?
False
Is 10572151693 prime?
False
Is 105125585 a prime number?
False
Is 25379010922 composite?
True
Is 454252511 a composite number?
False
Is 16038389173 a composite number?
True
Is 56727312497 a composite number?
True
Is 6631108807 composite?
True
Is 509823169 a prime number?
False
Is 30210913301 a prime number?
False
Is 2535288991 a composite number?
False
Is 3147218473 a prime number?
False
Is 33144857 a prime number?
True
Is 8942127389 prime?
False
Is 4701304549 a prime number?
True
Is 2485711699 a prime number?
True
Is 5306990309 prime?
True
Is 2371274387 prime?
True
Is 671344901 a prime number?
True
Is 798849407 a prime number?
True
Is 2288870789 composite?
False
Is 298355867 composite?
True
Is 6729929539 a prime number?
False
Is 8418689959 prime?
True
Is 73185033293 composite?
False
Is 2598141417 a composite number?
True
Is 63678535513 a composite number?
False
Is 4140025391 a composite number?
True
Is 3674714333 prime?
True
Is 11251076387 a prime number?
False
Is 74993433121 composite?
False
Is 814336141 a prime number?
False
Is 591402899 a prime number?
True
Is 247627900783 composite?
True
Is 1343854157 a composite number?
False
Is 742356281 a composite number?
False
Is 5996531791 a prime number?
True
Is 10261444451 prime?
True
Is 5598498869 a prime number?
True
Is 5583157031 composite?
False
Is 28498540307 a composite number?
False
Is 36818949523 a prime number?
False
Is 44222002367 a prime number?
False
Is 1268303609 composite?
False
Is 2389751031 a composite number?
True
Is 35750125379 a composite number?
False
Is 31050868421 composite?
False
Is 1463755519 prime?
False
Is 81100513283 a composite number?
True
Is 4493117285 prime?
False
Is 384440335 prime?
False
Is 2708957269 prime?
True
Is 185047819 a composite number?
True
Is 12443691011 a prime number?
False
Is 39438125923 composite?
True
Is 53191287319 a composite number?
False
Is 956509429 a prime number?
True
Is 6681738149 a composite number?
True
Is 6057236543 a prime number?
True
Is 5517706717 a prime number?
True
Is 1345570249 composite?
True
Is 5793684097 a prime number?
False
Is 548338823 composite?
False
Is 156675397 a prime number?
True
Is 41141118713 prime?
True
Is 686723411 prime?
False
Is 272362141 a composite number?
True
Is 2430579857 a composite number?
True
Is 151202909281 prime?
True
Is 13641533457 composite?
True
Is 13147681861 prime?
False
Is 2566359973 a composite number?
True
Is 100066621 a composite number?
True
Is 161828592433 a prime number?
True
Is 22668319711 a prime number?
False
Is 94097266303 a composite number?
False
Is 34869693049 composite?
False
Is 61027227493 a prime number?
False
Is 10552044533 a composite number?
True
Is 158919115 composite?
True
Is 2903185941 a prime number?
False
Is 1710134303 a prime number?
True
Is 4764151991 composite?
True
Is 934086211 composite?
False
Is 9195312521 prime?
True
Is 84837721999 composite?
False
Is 3441106883 composite?
False
Is 3894550831 a prime number?
False
Is 678515347 a composite number?
False
Is 11823547 composite?
False
Is 14299234853 prime?
False
Is 621033529 composite?
True
Is 197397019 a composite number?
False
Is 1728901597 prime?
True
Is 1770622379 a prime number?
True
Is 18848668093 a prime number?
False
Is 1716136993 a prime number?
True
Is 1498563695 composite?
True
Is 142845419659 a prime number?
False
Is 14706432473 a prime number?
True
Is 747253457 prime?
False
Is 278412443 prime?
False
Is 15924426097 a composite number?
False
Is 12272748643 a prime number?
False
Is 12336983 composite?
True
Is 3656934487 a composite number?
False
Is 1641483047 a composite number?
False
Is 5826966643 composite?
True
Is 2176683227 composite?
True
Is 42282426539 composite?
True
Is 609565147 composite?
False
Is 159171703 a prime number?
True
Is 116721133 a prime number?
False
Is 58653025463 a composite number?
False
Is 154402691 a composite number?
False
Is 2373967273 a prime number?
False
Is 704186993 a prime number?
True
Is 246435713 a composite number?
True
Is 52562891 a composite number?
False
Is 1193056799 prime?
False
Is 24744494843 composite?
True
Is 192056149 a composite number?
False
Is 1710736273 a prime number?
True
Is 271940351 a composite number?
True
Is 2430814247 a prime number?
False
Is 184529314 prime?
False
Is 2049113057 a prime number?
True
Is 1205436959 a prime number?
False
Is 176572951 composite?
True
Is 13419974621 prime?
False
Is 34420755103 a composite number?
True
Is 1969691287 prime?
True
Is 179715680051 a composite number?
False
Is 3784081031 a prime number?
True
Is 61025763761 prime?
False
Is 13337656403 a prime number?
True
Is 8570421961 prime?
True
Is 760417661 a prime number?
True
Is 1468728661 prime?
False
Is 3661896293 prime?
False
Is 363303443 a prime number?
True
Is 1563130571 prime?
True
Is 308615662 composite?
True
Is 4392323581 composite?
False
Is 3396120907 composite?
False
Is 12439107374 a prime number?
False
Is 6086156297 prime?
False
Is 535445717 a composite number?
False
Is 3345588157 composite?
True
Is 61972794677 a